{"id":93,"date":"2023-01-12T00:15:42","date_gmt":"2023-01-11T23:15:42","guid":{"rendered":"https:\/\/etudiantswoezon.com\/?page_id=93"},"modified":"2023-05-07T01:52:03","modified_gmt":"2023-05-06T23:52:03","slug":"sante","status":"publish","type":"page","link":"https:\/\/etudiantswoezon.com\/index.php\/sante\/","title":{"rendered":"Sant\u00e9"},"content":{"rendered":"\t\t<div data-elementor-type=\"wp-page\" data-elementor-id=\"93\" class=\"elementor elementor-93\">\n\t\t\t\t\t\t<section class=\"elementor-section elementor-top-section elementor-element elementor-element-9906ae6 elementor-section-boxed elementor-section-height-default elementor-section-height-default\" data-id=\"9906ae6\" data-element_type=\"section\" data-e-type=\"section\">\n\t\t\t\t\t\t<div class=\"elementor-container elementor-column-gap-default\">\n\t\t\t\t\t<div class=\"elementor-column elementor-col-100 elementor-top-column elementor-element elementor-element-a6281f8\" data-id=\"a6281f8\" data-element_type=\"column\" data-e-type=\"column\">\n\t\t\t<div class=\"elementor-widget-wrap elementor-element-populated\">\n\t\t\t\t\t\t<div class=\"elementor-element elementor-element-cfc8afc elementor-widget elementor-widget-text-editor\" data-id=\"cfc8afc\" data-element_type=\"widget\" data-e-type=\"widget\" data-widget_type=\"text-editor.default\">\n\t\t\t\t<div class=\"elementor-widget-container\">\n\t\t\t\t\t\t\t\t\t<p>En r\u00e8gle g\u00e9n\u00e9rale, dans la constitution du dossier de demande de visa pour \u00e9tudes en France, il est exig\u00e9 une assurance maladie. Il s&rsquo;agit d&rsquo;une assurance de courte dur\u00e9e (1 \u00e0 3 mois suffisent largement).<\/p>\t\t\t\t\t\t\t\t<\/div>\n\t\t\t\t<\/div>\n\t\t\t\t<section class=\"elementor-section elementor-inner-section elementor-element elementor-element-df056b2 elementor-section-boxed elementor-section-height-default elementor-section-height-default\" data-id=\"df056b2\" data-element_type=\"section\" data-e-type=\"section\">\n\t\t\t\t\t\t<div class=\"elementor-container elementor-column-gap-default\">\n\t\t\t\t\t<div class=\"elementor-column elementor-col-50 elementor-inner-column elementor-element elementor-element-ba21569\" data-id=\"ba21569\" data-element_type=\"column\" data-e-type=\"column\">\n\t\t\t<div class=\"elementor-widget-wrap elementor-element-populated\">\n\t\t\t\t\t\t<div class=\"elementor-element elementor-element-d98b04b elementor-widget elementor-widget-image\" data-id=\"d98b04b\" data-element_type=\"widget\" data-e-type=\"widget\" data-widget_type=\"image.default\">\n\t\t\t\t<div class=\"elementor-widget-container\">\n\t\t\t\t\t\t\t\t\t\t\t\t\t\t\t<img fetchpriority=\"high\" decoding=\"async\" width=\"750\" height=\"422\" src=\"https:\/\/etudiantswoezon.com\/wp-content\/uploads\/2023\/01\/2023-3-1024x576.png\" class=\"attachment-large size-large wp-image-354\" alt=\"\" srcset=\"https:\/\/etudiantswoezon.com\/wp-content\/uploads\/2023\/01\/2023-3-1024x576.png 1024w, https:\/\/etudiantswoezon.com\/wp-content\/uploads\/2023\/01\/2023-3-300x169.png 300w, https:\/\/etudiantswoezon.com\/wp-content\/uploads\/2023\/01\/2023-3-768x432.png 768w, https:\/\/etudiantswoezon.com\/wp-content\/uploads\/2023\/01\/2023-3-1536x864.png 1536w, https:\/\/etudiantswoezon.com\/wp-content\/uploads\/2023\/01\/2023-3.png 1920w\" sizes=\"(max-width: 750px) 100vw, 750px\" \/>\t\t\t\t\t\t\t\t\t\t\t\t\t\t\t<\/div>\n\t\t\t\t<\/div>\n\t\t\t\t\t<\/div>\n\t\t<\/div>\n\t\t\t\t<div class=\"elementor-column elementor-col-50 elementor-inner-column elementor-element elementor-element-7c75b67\" data-id=\"7c75b67\" data-element_type=\"column\" data-e-type=\"column\">\n\t\t\t<div class=\"elementor-widget-wrap elementor-element-populated\">\n\t\t\t\t\t\t<div class=\"elementor-element elementor-element-b6601d3 elementor-widget elementor-widget-text-editor\" data-id=\"b6601d3\" data-element_type=\"widget\" data-e-type=\"widget\" data-widget_type=\"text-editor.default\">\n\t\t\t\t<div class=\"elementor-widget-container\">\n\t\t\t\t\t\t\t\t\t<p class=\"p1\">Une fois en France, vous devez vous inscrire au r\u00e9gime g\u00e9n\u00e9ral de la s\u00e9curit\u00e9 sociale fran\u00e7aise. L\u2019inscription se fait en ligne sur le site de l\u2019assurance maladie d\u00e9di\u00e9 aux \u00e9tudiants \u00e9trangers. Il est disponible en fran\u00e7ais et en anglais. <a href=\"https:\/\/etudiant-etranger.ameli.fr\/#\/\">https:\/\/etudiant-etranger.ameli.fr\/#\/<\/a><\/p>\t\t\t\t\t\t\t\t<\/div>\n\t\t\t\t<\/div>\n\t\t\t\t\t<\/div>\n\t\t<\/div>\n\t\t\t\t\t<\/div>\n\t\t<\/section>\n\t\t\t\t<div class=\"elementor-element elementor-element-e437a7f elementor-widget elementor-widget-text-editor\" data-id=\"e437a7f\" data-element_type=\"widget\" data-e-type=\"widget\" data-widget_type=\"text-editor.default\">\n\t\t\t\t<div class=\"elementor-widget-container\">\n\t\t\t\t\t\t\t\t\t<p class=\"p1\" style=\"color: #0a0a0a; text-align: justify;\">L\u2019inscription est gratuite. Elle doit se faire imm\u00e9diatement apr\u00e8s votre inscription dans votre \u00e9tablissement.<\/p><p class=\"p1\" style=\"color: #0a0a0a; text-align: justify;\">Cette d\u00e9marche est obligatoire. Elle vous permettra de vous faire rembourser une partie de vos frais m\u00e9dicaux. Vous \u00eates rembours\u00e9 en partie parce que la couverture ne vaut que pour 70%.\u00a0<span style=\"font-family: var( --e-global-typography-text-font-family ), Sans-serif; font-weight: var( --e-global-typography-text-font-weight );\">Une fois la d\u00e9marche effectu\u00e9e, vous obtiendrez d&rsquo;abord une attestation de droit provisoire puis une attestation de droit d\u00e9finitif avec un num\u00e9ro de s\u00e9curit\u00e9 sociale. Vous pourrez ainsi cr\u00e9er votre compte ameli sur www.ameli.fr.<\/span><\/p><p style=\"color: #070707; text-align: justify;\">Si vous \u00eates venus \u00e9tudier en France avec un visa long s\u00e9jour valant titre de s\u00e9jour (VLS-TS), vous obtiendrez une carte vitale qui facilitera vos remboursements. C&rsquo;est la validation de votre titre de s\u00e9jour qui vous permettra de l&rsquo;obtenir.<\/p><p style=\"color: #070707; text-align: justify;\">Si vous \u00eates venus avec un visa long s\u00e9jour temporaire (VLS-T), vous n&rsquo;obtiendrez pas de carte de vitale mais vous b\u00e9n\u00e9ficierez quand m\u00eame d&rsquo;une prise en charge de vos frais m\u00e9dicaux pendant la dur\u00e9e de votre s\u00e9jour.<\/p><p style=\"color: #070707; text-align: justify;\">Si vous le souhaitez, vous pouvez \u00e9galement choisir une mutuelle qui vous permettra de compl\u00e9ter vos remboursements de frais m\u00e9dicaux.\u00a0<span style=\"font-family: var( --e-global-typography-text-font-family ), Sans-serif; font-weight: var( --e-global-typography-text-font-weight );\">Concernant le choix de la mutuelle, deux facteurs sont \u00e0 prendre en compte, \u00e0 savoir le co\u00fbt et la couverture.\u00a0<\/span><span style=\"color: #0a0a0a; font-family: var( --e-global-typography-text-font-family ), Sans-serif; font-weight: var( --e-global-typography-text-font-weight );\">Toutefois, en fonction de vos revenus, vous pouvez aussi demander une compl\u00e9mentaire de sant\u00e9 solidaire pour compl\u00e9ter votre couverture.<\/span><\/p><p class=\"p2\" style=\"color: #0a0a0a; text-align: justify;\">\u00a0<\/p><p class=\"p1\" style=\"color: #0a0a0a; text-align: justify;\">Le syst\u00e8me de sant\u00e9 fran\u00e7ais s&rsquo;appuie sur des structures multiples : ambulatoires pour les soins dits \u00ab de ville \u00bb, sanitaires pour la prise en charge hospitali\u00e8re et m\u00e9dico-sociales et 2-sociales pour des publics dits \u00ab fragiles \u00bb, \u00e2g\u00e9s ou handicap\u00e9s. Il repose sur la libert\u00e9 de choix du patient et du r\u00e9sident : chaque patient est libre de choisir son m\u00e9decin traitant, un sp\u00e9cialiste en acc\u00e8s direct, son \u00e9tablissement de sant\u00e9, sa structure d&rsquo;h\u00e9bergement, ceci dans le secteur public comme dans le secteur priv\u00e9.<\/p>\t\t\t\t\t\t\t\t<\/div>\n\t\t\t\t<\/div>\n\t\t\t\t<div class=\"elementor-element elementor-element-82e4cf1 elementor-widget elementor-widget-text-editor\" data-id=\"82e4cf1\" data-element_type=\"widget\" data-e-type=\"widget\" data-widget_type=\"text-editor.default\">\n\t\t\t\t<div class=\"elementor-widget-container\">\n\t\t\t\t\t\t\t\t\t<p class=\"p1\">L&rsquo;Assurance maladie couvre la prise en charge des prestations suivantes si elles sont inscrites \u00e0 la nomenclature des prestations remboursables :<\/p><p class=\"p1\">les soins et traitements hospitaliers dans les \u00e9tablissements publics ou priv\u00e9s de sant\u00e9, de r\u00e9adaptation ou de r\u00e9\u00e9ducation ;<\/p><ul><li><strong><span style=\"color: #008000;\">les soins ambulatoires dispens\u00e9s par les m\u00e9decins g\u00e9n\u00e9ralistes, les sp\u00e9cialistes, les dentistes et les sages-femmes ;<\/span><\/strong><\/li><li><strong><span style=\"color: #008000;\">les examens diagnostiques et les soins prescrits par les m\u00e9decins et effectu\u00e9s par les laboratoires d&rsquo;analyses et les professionnels param\u00e9dicaux (infirmi\u00e8res, physioth\u00e9rapeutes, orthophonistes, etc.) ;<\/span><\/strong><\/li><li><strong><span style=\"color: #008000;\">les m\u00e9dicaments, les appareils m\u00e9dicaux et les proth\u00e8ses prescrits par ordonnance et figurant sur les listes de produits remboursables ;<\/span><\/strong><\/li><li><strong><span style=\"color: #008000;\">les transports sanitaires prescrits par ordonnance.<\/span><\/strong><\/li><\/ul><p class=\"p1\">Cette d\u00e9marche est d&rsquo;une importance capitale alors n&rsquo;h\u00e9sitez pas et ne tardez surtout pas. Classez l\u00e0 parmi vos priorit\u00e9s. \u00c0 d\u00e9faut, l&rsquo;addition peut vous revenir tr\u00e8s sal\u00e9e en cas de maladie.<\/p>\t\t\t\t\t\t\t\t<\/div>\n\t\t\t\t<\/div>\n\t\t\t\t\t<\/div>\n\t\t<\/div>\n\t\t\t\t\t<\/div>\n\t\t<\/section>\n\t\t\t\t<\/div>\n\t\t","protected":false},"excerpt":{"rendered":"<p>En r\u00e8gle g\u00e9n\u00e9rale, dans la constitution du dossier de demande de visa pour \u00e9tudes en France, il est exig\u00e9 une &hellip; <\/p>\n","protected":false},"author":3,"featured_media":0,"parent":0,"menu_order":0,"comment_status":"closed","ping_status":"closed","template":"","meta":{"footnotes":""},"class_list":["post-93","page","type-page","status-publish","hentry"],"_links":{"self":[{"href":"https:\/\/etudiantswoezon.com\/index.php\/wp-json\/wp\/v2\/pages\/93","targetHints":{"allow":["GET"]}}],"collection":[{"href":"https:\/\/etudiantswoezon.com\/index.php\/wp-json\/wp\/v2\/pages"}],"about":[{"href":"https:\/\/etudiantswoezon.com\/index.php\/wp-json\/wp\/v2\/types\/page"}],"author":[{"embeddable":true,"href":"https:\/\/etudiantswoezon.com\/index.php\/wp-json\/wp\/v2\/users\/3"}],"replies":[{"embeddable":true,"href":"https:\/\/etudiantswoezon.com\/index.php\/wp-json\/wp\/v2\/comments?post=93"}],"version-history":[{"count":22,"href":"https:\/\/etudiantswoezon.com\/index.php\/wp-json\/wp\/v2\/pages\/93\/revisions"}],"predecessor-version":[{"id":867,"href":"https:\/\/etudiantswoezon.com\/index.php\/wp-json\/wp\/v2\/pages\/93\/revisions\/867"}],"wp:attachment":[{"href":"https:\/\/etudiantswoezon.com\/index.php\/wp-json\/wp\/v2\/media?parent=93"}],"curies":[{"name":"wp","href":"https:\/\/api.w.org\/{rel}","templated":true}]}}